 + 4).
-26
Evaluate 9 - (-9 + (6 + -16 - -41)).
-13
Calculate -11 + 8 + -5 + -1 - 0.
-9
What is 172 + -212 - (-17 - -1)?
-24
Calculate -3 - -10 - (-32 - -31) - 10.
-2
What is (-1 - 23) + 4 + 34 + -25?
-11
Calculate (-7 - -21) + 2 + (-25 - -29).
20
What is the value of (19 - 0) + 1 + -2?
18
-66 + (-28 - (-4 - 55))
-35
What is the value of (-12 - -4) + 19 + -3?
8
What is the value of 2 + 9 + -19 - -12 - (-4 - -5)?
3
Calculate 26 + -8 + 6 - (10 - -1) - 0.
13
-6 - -6 - (5 + (2 - -5))
-12
-20 + (-2 - -2) + (-5 - (2 + -12))
-15
(-86 - -119) + (-6 + 4 - (-3 - -5))
29
What is the value of 8 + (-1 - (8 - (-5 - -8) - 13))?
15
(2 - 2) + 0 + (-1899 - -1936)
37
32 - (5 + -10 + -10 + 21 + -11)
37
Calculate 23 + -104 + 42 + (-2 - -16).
-25
What is the value of (-5 - -1) + 9 + 1 + -2 + -3?
1
What is the value of -1 + (-39 + 30 - (-6 - 3))?
-1
What is the value of 3 + (-5 - (7 - 7)) + -10?
-12
Evaluate 17 + 1 - ((-6 - -4) + 4).
16
Calculate 42 + 81 + -100 + (-3 - -4).
24
Calculate -6 + -7 + 16 - (5 + -2 + -9).
9
What is (-5 - -29) + (53 - 88)?
-11
Calculate -11 + (-12 - (-3 - -2)) + 10.
-12
32 - (-38 - -13 - -68)
-11
What is (3 - -4 - -13) + (-1 - (-3 - -3))?
19
Calculate 6 - (2 - -4 - (-1 - -3)).
2
What is -43 + (-16 - -36 - -11) + -15?
-27
Evaluate (-14 - -18) + 17 - ((2 - 2) + -3).
24
What is 15 + -16 + -7 + 10?
2
Calculate (1 - -6) + (-198 - -182).
-9
(-48 - -12) + -33 + 49
-20
What is 12 + (0 - -2) + (2294 - 2312)?
-4
(-6 - 5) + 21 - (-15 + -8 + 14)
19
-5 - (18 + -21 + -12)
10
-10 - ((-6 - 3) + (1 - 1))
-1
Calculate 12 - 5 - (14 - (-5 + 8 - 2)).
-6
What is the value of (-5 - -2) + -36 + 27 + -4 + 33?
17
-8 - (22 + (-67 - -15))
22
What is the value of -9 + (-9 - -8 - -28)?
18
-20 - (-1 - (7 - 4 - 8 - 1))
-25
Evaluate 4 - (0 + -1) - (25 - (21 + 4)).
5
-1 + 12 + -444 + 454
21
What is the value of 33 - (0 + 0 + 19)?
14
Evaluate 12 + 0 + 44 + -47.
9
What is the value of -24 - -25 - (7 + (5 - 32))?
21
Calculate -13 - (-59 - -20 - -15) - -14.
25
0 + (-6 - 1) - (-36 - -20)
9
Evaluate (-21 - (9 - 18) - 1) + 47.
34
-11 + (0 - 0) + 27 + -11
5
Evaluate (-1 - -5) + (414 - 427).
-9
Evaluate 41 - (28 + -20 + 13).
20
14 - (4 + 8 - (-10 + 28))
20
What is the value of (2 - -6) + (-5 - -1) + (-113 - -115)?
6
What is -4 + (17 - -9) + -8?
14
(-3 - 0) + 5 + 17 + -31
-12
Calculate -47 + 46 - (-1 - 2).
2
What is the value of (-12 - -22) + (-3 - -1 - -7)?
15
What is the value of (-2 - ((0 - -12) + -23)) + -5 + -29?
-25
What is the value of -7 - (-1 - -1 - ((0 - 14) + 7))?
-14
Calculate (-22 - 1) + (622 - 614).
-15
What is the value of 0 + 1 - (8 + (5 - 15))?
3
(40 - 52) + (-1 - 3 - 0) + 3
-13
16 + 2 + -380 + 372
10
Calculate 3 + (-15 - (2 + -5 + -2) - 1).
-8
What is -159 + 146 + -1 + 3?
-11
What is (13 - ((2 - 7) + 6)) + -7 + -19?
-14
Calculate (-8 - -23) + (-32 - -23).
6
Calculate 18 + -14 + -13 + -2 + 4.
-7
1 + -6 + (70 - 59)
6
0 - (-9 + 6) - (-3 + 1 + 4)
1
Evaluate (-4 - (6 + 1 - 11) - -19) + -4.
15
What is -23 - (-8 + -3) - -6 - -3?
-3
What is (-2 - -4) + (-12 - 1) + 4?
-7
(-9 - -9 - (19 - (2 - 2))) + 1
-18
What is -26 + 12 + (25 - 21)?
-10
Calculate (-207 - -175 - (0 + -10)) + 1.
-21
What is the value of 3 + -8 + -3 - (-5 - 17)?
14
What is 20 + (0 + -3 - 10)?
7
What is -7 + (4 - (20 + -9 - -4))?
-18
What is -8 + (-5 - -21) + -2?
6
4 - (33 - (20 - 3))
-12
Evaluate 19 - (-7 + 3 + 18 + -1 + -6).
12
What is -23 - (0 + 4 + -6)?
-21
Evaluate -10 + (5 + 1 + -1 - (-212 - -210)).
-3
What is 17 - (-9 - (11 - (15 - 0)))?
22
Evaluate (13 - 0 - 23) + (5 - 0) - -10.
5
17 + 0 + (22 - 29)
10
Calculate -33 + 42 - ((-7 - (2 + -5)) + 8).
5
What is the value of -10 - (0 - 30 - (-68 - -59))?
11
What is (9 - 15 - (0 - -5)) + 6?
-5
What is -99 + 114 + -9 + 2?
8
Evaluate (-24 - -49 - 10) + -24.
-9
35 - 42 - (0 + -4) - 13
-16
What is (1 - -5) + (9 - (22 + -14)) + 13?
20
What is the value of -57 + 23 + 18 + 1?
-15
-6 + 11 + (2 - 4) + -4
-1
What is 1 - 0 - (-22 - -5 - -22)?
-4
What is the value of -3 + 1 - 3 - (4 - (10 - 6))?
-5
Calculate (0 - (-1 - 6)) + -2275 + 2273.
5
What is the value of 10 + 4 + (-7 - (-10 - -6))?
11
What is the value of (13 - 1 - 4) + 8 + 7?
23
What is the value of (-21 + -11 - -33) + (-2 - 6)?
-7
Evaluate -24 - ((-84 - -55) + (12 - -1)).
-8
9 + 14 + (15 - 45)
-7
-20 + -18 + 38 + -2 + 0
-2
What is -8 - -2 - (-29 + (10 - -2))?
11
Evaluate 11 - (6 + (3 - (10 + -9))).
3
Calculate 6 - ((-1 - (-2 - 1)) + (-18 - -10)).
12
What is -31 - (-29 - -23 - 2)?
-23
(-15 - -49) + (-23 - 17)
-6
-3 + -1 + (7 - 17) + 22
8
Evaluate 6 + 3 + 3 + -1 + 46 + -43.
14
What is 11 + 3 + -2 - (61 - 77)?
28
Evaluate -1 + -3 + 7 + -3 + (-1 - -4).
3
What is the value of 5 - 2 - 12 - (3 + 0 - 9)?
-3
Calculate 0 + -2 + 1 + 7 + -2348 + 2345.
3
Evaluate -2 - (8 - -2) - -10 - 15.
-17
Calculate 10 + -1 + 3 + -14 + 18 + -1.
15
Calculate -8 + (-25 - 14 - -24).
-23
What is -1 + -2 - ((3 - 0) + (16 - 12))?
-10
What is the value of (0 - 29) + (62 - 47)?
-14
What is -12 + (28 - 17) + 2?
1
Calculate (14 - 3) + (-24 - -17).
4
What is (-18 - (-8 + -13)) + -9 + 0 - -9?
3
Calculate (26 + 2 - -2) + -30 + (14 - -6).
20
Evaluate 2 + -24 + 8 - -3.
-11
What is 39 + 0 + (62 - 81)?
20
Evaluate -22 + 24 + -8 + -12.
-18
Calculate 19 + -21 + 1 - (-15 + 2).
12
What is the value of 27 - (78 - (18 + 7))?
-26
What is the value of (-3 - (7 - 0 - 6)) + 7?
3
(10 - 4 - -16) + 2
24
What is the value of -7 - -3 - (0 - (-1 - -3)) - 2?
-4
What is the value of -1 + 11 - (12 + -10 + 22)?
-14
What is 1 + 6 - (-23 - -11 - -19)?
0
(71 + -27 - 31) + 9 + -2
20
Evaluate (-4 - (-35 - (6 - 12))) + -9 + 1.
17
What is the value of 53 + -5 + -9 - 55?
-16
What is the value of -8 + (-3 - 21) + (18 - -1 - 11)?
-24
What is -5 + 0 - (14 - 14) - -6?
1
Evaluate 3 + -15 - (-123 + 93).
18
What is (-1 - -12) + (-4 - (8 - (-28 - -22)))?
-7
What is the value of 2 + -4 + 1 + -34 + 38 + -18?
-15
What is (3 - -6) + 14 - 24?
-1
-12 - (7 + 13 + -13 + -3)
-16
Calculate (-11 + 10 - 3) + 61 + -37.
20
-29 - -18 - -16 - ((-2 - 0) + -1)
8
What is -104 + 76 - (-12 + -7)?
-9
Calculate (3 - 0) + (-17 - (15 + -23 - -18)).
-24
Evaluate 0 + -32 + 26 + -1.
-7
Calculate 8 + -6 + 33 + -15 + 19.
39
Evaluate (-7 - (12 - (37 - 16))) + -14.
-12
Evaluate 2 - -9 - (-10 - -21 - -1).
-1
What is -8 - (13 + (-16 - 8) + 27)?
-24
What is 1 + -16 - (63 - 83)?
5
(-4 - (-5 - 14)) + 2 - (-3 - -2)
18
Evaluate (14 - (-10 + 7 + -5)) + -8.
14
What is the value of 89 - 82 - (1 - -5) - -3?
4
9 + -4 + 11 - (-1 + 7)
10
What is -2 + (0 - -3) - -12?
13
Evaluate (-4 - (-3 + -7)) + -22.
-16
Calculate -8 - (-18 + (-8 - 4) + 11).
11
-9 + 11 + (2 - 1) + (2 - 2)
3
-31 - 2 - 0 - (-2695 - -2681)
-19
Calculate -11 - (4 - 0 - 13 - 6).
4
29 - (11 + -14 + 22 + -16)
26
What is -9 + -5 + 9 - (36 - 64)?
23
-13 + 7 - (10 - 4)
-12
What is 0 - (6 + -11 + 11 + 0 + -4)?
-2
(-27 - (12 + -14)) + 11
-14
What is the value of 20 + -36 - (-35 + 3) - -11?
27
What is -3 + 2 + 3 + -13 + 8 + -11?
-14
What is -6 + 6 + (4 - (5 - 6)) + 3?
8
(-5 + 0 - (2 + -8 - -8)) + 7
0
Calculate -21 + 25 - ((-4 - -1) + 12 + -27).
22
What is the value of 22 - (19 + (-1 - 0)) - 35?
-31
What is (-11 - -2) + (-5 + 0 + 5 - 3)?
-12
What is the value of (89 - 83) + (5 - 1)?
10
Calculate -19 + 34 + -7 + -8.
0
16 + (-22 - 9) - -19
4
Evaluate -454 + 417 + (65 - -1).
29
11 - (-11 - (-5 - 7 - -11))
21
Calculate -3 + (-5 - -17) + (4 - 23).
-10
Evaluate 55 + 6 + 29 + -57.
33
Calculate (1 - 6) + -1 + 35 + (40 - 51).
18
Evaluate 5 - (10 + -3 + -13 + 1).
10
What is the value of 15 + 13 + -13 - 30 - -1?
-14
Calculate (15 - 32) + -7 - -21.
-3
Evaluate 19 + (-26 + 30 - 14).
9
Evaluate -1 + -11 + (-297 - -299).
-10
What is 8 + -26 + 5 - (1 + -4)?
-10
What is 51 + -39 - (6 + -18 + -2)?
26
What is the value of (-8 - -15 - 5) + -4?
-2
What is -25 + 18 + 3 + -3 + -18 + 12?
-13
29 + 3 + (18 - (61 - 28))
17
Evaluate -9 + ((-1 - 4) + 5 - -19).
10
What is -1 - (-36 - -40 - (2 + -4 - -5))?
-2
Evaluate -8 + 7 + 4 + 2 + -10 + 2.
-3
1 + -5 + 7 - (255 - 233)
-19
Evaluate (7 - -9 - 11) + 10.
15
What is the value of 3 + (12 - (30 + -24))?
9
Evaluate 5 + -1 + -3 + 4 + (15 - 3).
17
Evaluate (-31 - -1) + (928 - 868).
30
(-8 - -13) + (-2 - -4 - (17 + -8))
-2
What is -8 + 20 + -8 + 2 + -1?
5
-32 - (5 + -33 + 9)
-13
What is the value of 1 - -16 - (-1343 + 1341)?
19
5 + (0 - -5 - (8 + -16 + 11))
7
What 